{"id":3,"date":"2022-12-20T18:01:15","date_gmt":"2022-12-20T17:01:15","guid":{"rendered":"http:\/\/yubartaslodgecolombia.com\/?page_id=3"},"modified":"2022-12-30T23:50:11","modified_gmt":"2022-12-31T04:50:11","slug":"privacy-policy","status":"publish","type":"page","link":"https:\/\/yubartaslodgecolombia.com\/?page_id=3","title":{"rendered":"Privacy Policy"},"content":{"rendered":"\t\t<div data-elementor-type=\"wp-page\" data-elementor-id=\"3\" class=\"elementor elementor-3\">\n\t\t\t\t\t\t<section class=\"elementor-section elementor-top-section elementor-element elementor-element-191df18f elementor-section-boxed elementor-section-height-default elementor-section-height-default wpr-particle-no wpr-jarallax-no wpr-parallax-no wpr-sticky-section-no wpr-equal-height-no\" data-id=\"191df18f\" data-element_type=\"section\" data-e-type=\"section\" data-settings=\"{&quot;jet_parallax_layout_list&quot;:[],&quot;background_background&quot;:&quot;classic&quot;}\">\n\t\t\t\t\t\t\t<div class=\"elementor-background-overlay\"><\/div>\n\t\t\t\t\t\t\t<div class=\"elementor-container elementor-column-gap-default\">\n\t\t\t\t\t<div class=\"elementor-column elementor-col-100 elementor-top-column elementor-element elementor-element-4111ee39\" data-id=\"4111ee39\" data-element_type=\"column\" data-e-type=\"column\">\n\t\t\t<div class=\"elementor-widget-wrap elementor-element-populated\">\n\t\t\t\t\t\t<div class=\"elementor-element elementor-element-b1d8396 elementor-widget elementor-widget-spacer\" data-id=\"b1d8396\" data-element_type=\"widget\" data-e-type=\"widget\" data-widget_type=\"spacer.default\">\n\t\t\t\t<div class=\"elementor-widget-container\">\n\t\t\t\t\t\t\t<div class=\"elementor-spacer\">\n\t\t\t<div class=\"elementor-spacer-inner\"><\/div>\n\t\t<\/div>\n\t\t\t\t\t\t<\/div>\n\t\t\t\t<\/div>\n\t\t\t\t<div class=\"elementor-element elementor-element-7785362d elementor-widget elementor-widget-text-editor\" data-id=\"7785362d\" data-element_type=\"widget\" data-e-type=\"widget\" data-widget_type=\"text-editor.default\">\n\t\t\t\t<div class=\"elementor-widget-container\">\n\t\t\t\t\t\t\t\t\t<div class=\"elementor-element elementor-element-e59b202 elementor-widget elementor-widget-text-editor\" data-id=\"e59b202\" data-element_type=\"widget\" data-widget_type=\"text-editor.default\">\n<div class=\"elementor-widget-container\">\n<div class=\"elementor-text-editor elementor-clearfix\">\n<p><strong>YUBARTAS HOSPEDAJE RURAL JUANCHACO<br \/><\/strong><br \/>se acoge para todos los efectos de protecci\u00f3n de datos de nuestros clientes y visitantes a la\u00a0<strong><em>LEY ESTATUTARIA 1581 DE 2012\u00a0<\/em><\/strong>Reglamentada parcialmente por el<strong>\u00a0Decreto Nacional 1377 de 2013<\/strong>, Reglamentada Parcialmente por el\u00a0<strong>Decreto 1081 de 2015<\/strong>.<\/p>\n<\/div>\n<\/div>\n<\/div>\n<div class=\"elementor-element elementor-element-68c1d83 elementor-widget-divider--separator-type-pattern elementor-widget-divider--no-spacing elementor-widget-divider--view-line elementor-widget elementor-widget-divider\" data-id=\"68c1d83\" data-element_type=\"widget\" data-widget_type=\"divider.default\">\n<div class=\"elementor-widget-container\">\n<div class=\"elementor-divider\">\u00a0<\/div>\n<\/div>\n<\/div>\n<div class=\"elementor-element elementor-element-d004a36 elementor-widget elementor-widget-text-editor\" data-id=\"d004a36\" data-element_type=\"widget\" data-widget_type=\"text-editor.default\">\n<div class=\"elementor-widget-container\">\n<div class=\"elementor-text-editor elementor-clearfix\">\n<p><strong>BAJO LOS SIGUIENTES PRINCIPIOS RECTORES:<\/strong><\/p>\n<p>legalidad en materia de Tratamiento de datos: El Tratamiento corresponde a la actividad del ecoturismo de aventura y naturaleza. finalidad: El Tratamiento de los datos obedece a las finalidades del servicio de hospedaje y alimentaci\u00f3n y de Guianza tur\u00edstica. libertad: al ingresar a yubartaslodge.com se da el consentimiento, previo, expreso e informado. Los datos personales no podr\u00e1n ser obtenidos o divulgados sin previa autorizaci\u00f3n, o en ausencia de mandato legal o judicial que releve el consentimiento; veracidad o calidad: La informaci\u00f3n debe ser veraz, completa, exacta, actualizada, comprobable y comprensible. Se proh\u00edbe el Tratamiento de datos parciales, incompletos, fraccionados o que induzcan a error; transparencia: el Titular de la informaci\u00f3n tiene derecho a obtener de yubartas hospedaje rural juanchaco, en cualquier momento y sin restricciones, informaci\u00f3n acerca de la existencia de datos que le conciernan;<\/p>\n<p>acceso y circulaci\u00f3n restringida: el Tratamiento de la informaci\u00f3n s\u00f3lo podr\u00e1 hacerse por personas autorizadas por el Titular y\/o por las personas previstas en la presente ley; Los datos personales, salvo la informaci\u00f3n p\u00fablica, no podr\u00e1n estar disponibles en Internet u otros medios de divulgaci\u00f3n o comunicaci\u00f3n masiva, salvo que el acceso sea t\u00e9cnicamente controlable para brindar un conocimiento restringido s\u00f3lo a los Titulares o terceros autorizados conforme a la presente ley; seguridad: La informaci\u00f3n tendr\u00e1 las medidas t\u00e9cnicas, humanas y administrativas que sean necesarias para otorgar seguridad a los registros evitando su adulteraci\u00f3n, p\u00e9rdida, consulta, uso o acceso no autorizado o fraudulento;<\/p>\n<p>confidencialidad: Todas las personas que intervengan en el Tratamiento de datos personales que no tengan la naturaleza de p\u00fablicos est\u00e1n obligadas a garantizar la reserva de la informaci\u00f3n, inclusive despu\u00e9s de finalizada su relaci\u00f3n con alguna de las labores que comprende el Tratamiento, pudiendo s\u00f3lo realizar suministro o comunicaci\u00f3n de datos personales cuando ello corresponda al desarrollo de las actividades autorizadas en la presen<\/p>\n<p>\u00a0<\/p>\n<p><b>Protecci\u00f3n de datos<\/b><\/p>\n<p>La pagina yubartaslodge.com y el establecimiento Yubartas Hospedaje Rural Juanchaco, se acogen a lo establecido en materia de protecci\u00f3n de datos y se regir\u00e1 por los principios rectores, definiciones, derechos y deberes en cuanto al manejo de la informaci\u00f3n.<\/p>\n<p><i>Aqu\u00ed va un link a la ley.<\/i><\/p>\n<p><u><a href=\"https:\/\/www.funcionpublica.gov.co\/eva\/gestornormativo\/norma.php?i=49981\" target=\"_blank\" rel=\"noopener\"><b>https:\/\/www.funcionpublica.gov.co\/eva\/gestornormativo\/norma.php?i=49981<\/b><\/a><\/u><\/p>\n<\/div>\n<\/div>\n<\/div>\t\t\t\t\t\t\t\t<\/div>\n\t\t\t\t<\/div>\n\t\t\t\t<div class=\"elementor-element elementor-element-7b94929 elementor-widget elementor-widget-spacer\" data-id=\"7b94929\" data-element_type=\"widget\" data-e-type=\"widget\" data-widget_type=\"spacer.default\">\n\t\t\t\t<div class=\"elementor-widget-container\">\n\t\t\t\t\t\t\t<div class=\"elementor-spacer\">\n\t\t\t<div class=\"elementor-spacer-inner\"><\/div>\n\t\t<\/div>\n\t\t\t\t\t\t<\/div>\n\t\t\t\t<\/div>\n\t\t\t\t\t<\/div>\n\t\t<\/div>\n\t\t\t\t\t<\/div>\n\t\t<\/section>\n\t\t\t\t<\/div>\n\t\t","protected":false},"excerpt":{"rendered":"<p>YUBARTAS HOSPEDAJE RURAL JUANCHACOse acoge para todos los efectos de protecci\u00f3n de datos de nuestros clientes y visitantes a la\u00a0LEY ESTATUTARIA 1581 DE 2012\u00a0Reglamentada parcialmente por el\u00a0Decreto Nacional 1377 de 2013, Reglamentada Parcialmente por el\u00a0Decreto 1081 de 2015. \u00a0 BAJO LOS SIGUIENTES PRINCIPIOS RECTORES: legalidad en materia de Tratamiento de datos: El Tratamiento corresponde a la actividad del ecoturismo de aventura y naturaleza. finalidad: El Tratamiento de los datos obedece a las finalidades del servicio de hospedaje y alimentaci\u00f3n y de Guianza tur\u00edstica. libertad: al ingresar a yubartaslodge.com se da el consentimiento, previo, expreso e informado. Los datos personales no podr\u00e1n ser obtenidos o divulgados sin previa autorizaci\u00f3n, o en ausencia de mandato legal o judicial que releve el consentimiento; veracidad o calidad: La informaci\u00f3n debe ser veraz, completa, exacta, actualizada, comprobable y comprensible. Se proh\u00edbe el Tratamiento de datos parciales, incompletos, fraccionados o que induzcan a error; transparencia: el Titular de la informaci\u00f3n tiene derecho a obtener de yubartas hospedaje rural juanchaco, en cualquier momento y sin restricciones, informaci\u00f3n acerca de la existencia de datos que le conciernan; acceso y circulaci\u00f3n restringida: el Tratamiento de la informaci\u00f3n s\u00f3lo podr\u00e1 hacerse por personas autorizadas por el Titular y\/o por las personas previstas en la presente ley; Los datos personales, salvo la informaci\u00f3n p\u00fablica, no podr\u00e1n estar disponibles en Internet u otros medios de divulgaci\u00f3n o comunicaci\u00f3n masiva, salvo que el acceso sea t\u00e9cnicamente controlable para brindar un conocimiento restringido s\u00f3lo a los Titulares o terceros autorizados conforme a la presente ley; seguridad: La informaci\u00f3n tendr\u00e1 las medidas t\u00e9cnicas, humanas y administrativas que sean necesarias para otorgar seguridad a los registros evitando su adulteraci\u00f3n, p\u00e9rdida, consulta, uso o acceso no autorizado o fraudulento; confidencialidad: Todas las personas que intervengan en el Tratamiento de datos personales que no tengan la naturaleza de p\u00fablicos est\u00e1n obligadas a garantizar la reserva de la informaci\u00f3n, inclusive despu\u00e9s de finalizada su relaci\u00f3n con alguna de las labores que comprende el Tratamiento, pudiendo s\u00f3lo realizar suministro o comunicaci\u00f3n de datos personales cuando ello corresponda al desarrollo de las actividades autorizadas en la presen \u00a0 Protecci\u00f3n de datos La pagina yubartaslodge.com y el establecimiento Yubartas Hospedaje Rural Juanchaco, se acogen a lo establecido en materia de protecci\u00f3n de datos y se regir\u00e1 por los principios rectores, definiciones, derechos y deberes en cuanto al manejo de la informaci\u00f3n. Aqu\u00ed va un link a la ley. https:\/\/www.funcionpublica.gov.co\/eva\/gestornormativo\/norma.php?i=49981<\/p>\n","protected":false},"author":1,"featured_media":0,"parent":0,"menu_order":0,"comment_status":"closed","ping_status":"open","template":"elementor_header_footer","meta":{"footnotes":""},"class_list":["post-3","page","type-page","status-publish","hentry"],"_links":{"self":[{"href":"https:\/\/yubartaslodgecolombia.com\/index.php?rest_route=\/wp\/v2\/pages\/3","targetHints":{"allow":["GET"]}}],"collection":[{"href":"https:\/\/yubartaslodgecolombia.com\/index.php?rest_route=\/wp\/v2\/pages"}],"about":[{"href":"https:\/\/yubartaslodgecolombia.com\/index.php?rest_route=\/wp\/v2\/types\/page"}],"author":[{"embeddable":true,"href":"https:\/\/yubartaslodgecolombia.com\/index.php?rest_route=\/wp\/v2\/users\/1"}],"replies":[{"embeddable":true,"href":"https:\/\/yubartaslodgecolombia.com\/index.php?rest_route=%2Fwp%2Fv2%2Fcomments&post=3"}],"version-history":[{"count":10,"href":"https:\/\/yubartaslodgecolombia.com\/index.php?rest_route=\/wp\/v2\/pages\/3\/revisions"}],"predecessor-version":[{"id":705,"href":"https:\/\/yubartaslodgecolombia.com\/index.php?rest_route=\/wp\/v2\/pages\/3\/revisions\/705"}],"wp:attachment":[{"href":"https:\/\/yubartaslodgecolombia.com\/index.php?rest_route=%2Fwp%2Fv2%2Fmedia&parent=3"}],"curies":[{"name":"wp","href":"https:\/\/api.w.org\/{rel}","templated":true}]}}